{"id":1172,"date":"2021-08-21T00:28:01","date_gmt":"2021-08-21T00:28:01","guid":{"rendered":"https:\/\/bookshop.codesria.org\/?post_type=product&#038;p=1172"},"modified":"2021-08-21T00:28:12","modified_gmt":"2021-08-21T00:28:12","slug":"les-perspectives-de-lafrique-au-xxie-siecle","status":"publish","type":"product","link":"https:\/\/bookshop.codesria.org\/index.php\/product\/les-perspectives-de-lafrique-au-xxie-siecle\/","title":{"rendered":"Les perspectives de l\u2019Afrique au XXIe si\u00e8cle"},"content":{"rendered":"<p>Au travers des \u00e9tudes de cas, ce livre analyse quelques perspectives de l\u2019Afrique au XXIe si\u00e8cle. Il ne se contente pas seulement de revenir une fois de plus sur les d\u00e9fis auxquels fait encore face ce continent comme les probl\u00e8mes de pauvret\u00e9, de sant\u00e9 et particuli\u00e8rement du VIH-SIDA, de conflits et de violences, de mauvaise gouvernance et de marginalisation par rapport au reste du monde. Il montre que l\u2019Afrique dispose de nombreux atouts qui lui permettent d\u2019entrer avec optimisme dans le nouveau mill\u00e9naire.<\/p>\n<p>Les contributions pr\u00e9sent\u00e9es dans cet ouvrage montrent des indicateurs qui laissent pr\u00e9sager un avenir meilleur\u00a0: elles insistent notamment sur la n\u00e9cessit\u00e9 de r\u00e9inventer le futur de l\u2019Afrique et proposent la promotion d\u2019un vaste projet int\u00e9gr\u00e9 de soci\u00e9t\u00e9 africain dans lequel les populations sont invit\u00e9es \u00e0 se prendre en charge elles-m\u00eames pour arriver \u00e0 leur d\u00e9veloppement et \u00e9panouissement.<\/p>\n<p>Ce livre est une compilation d\u2019articles issus de la XIIIe Assembl\u00e9e g\u00e9n\u00e9rale du CODESRIA, 2011<\/p>\n<p>Le Pr. <strong>Joseph Gahama<\/strong> est d\u00e9tenteur d\u2019un Doctorat en Histoire des soci\u00e9t\u00e9s africaines et d\u2019une Habilitation \u00e0 diriger des recherches (HDR) obtenus \u00e0 l\u2019Universit\u00e9 de Paris 1 Panth\u00e9on-Sorbonne respectivement en 1980 et en 1996. Il est actuellement Recteur de l\u2019East African University Rwanda apr\u00e8s avoir exerc\u00e9 de hautes fonctions \u00e0 l\u2019Universit\u00e9 du Burundi, au Kigali Institute of Education, \u00e0 l\u2019University of Rwanda- College of Education en tant que directeur du D\u00e9partement d\u2019Histoire. Il a \u00e9galement \u00e9t\u00e9 directeur de recherche et doyen de la Facult\u00e9 des Sciences sociales. Il a une longue exp\u00e9rience d\u2019enseignement et de recherches dans plusieurs universit\u00e9s africaines et europ\u00e9ennes. Il a \u00e9t\u00e9 consultant pour l\u2019Unicef, l\u2019Unesco, le PNUUD, l\u2019Union Africaine, les gouvernements du Burundi et du Rwanda, ainsi que diverses ONG internationales. Il a particip\u00e9 avec pr\u00e9sentation de communications \u00e0 plus d\u2019une centaine de conf\u00e9rences et s\u00e9minaires internationaux. Il est l\u2019auteur de plusieurs livres, articles et chapitres dans des ouvrages collectifs sur l\u2019histoire sociopolitique de l\u2019Afrique des Grands Lacs, sp\u00e9cialement le Burundi et le Rwanda. Il est enfin membre de nombreuses associations scientifiques et culturelles nationales et internationales.<\/p>\n<p>&nbsp;<\/p>\n<p>ISBN: 978 286978 605 9<\/p>\n<p>CODESRIA 2015<\/p>\n","protected":false},"excerpt":{"rendered":"<p>Au travers des \u00e9tudes de cas, ce livre analyse quelques perspectives de l\u2019Afrique au XXIe si\u00e8cle. Il ne se contente pas seulement de revenir une fois de plus sur les<\/p>\n","protected":false},"featured_media":1173,"template":"","meta":[],"product_cat":[54],"product_tag":[187,80,200,198,199],"class_list":{"0":"post-1172","1":"product","2":"type-product","3":"status-publish","4":"has-post-thumbnail","6":"product_cat-codesria-books","7":"product_tag-21e-siecle","8":"product_tag-afrique","9":"product_tag-joseph-gahama","10":"product_tag-perspectives","11":"product_tag-xxie-siecle","13":"first","14":"instock","15":"shipping-taxable","16":"purchasable","17":"product-type-simple"},"_links":{"self":[{"href":"https:\/\/bookshop.codesria.org\/index.php\/wp-json\/wp\/v2\/product\/1172","targetHints":{"allow":["GET"]}}],"collection":[{"href":"https:\/\/bookshop.codesria.org\/index.php\/wp-json\/wp\/v2\/product"}],"about":[{"href":"https:\/\/bookshop.codesria.org\/index.php\/wp-json\/wp\/v2\/types\/product"}],"wp:featuredmedia":[{"embeddable":true,"href":"https:\/\/bookshop.codesria.org\/index.php\/wp-json\/wp\/v2\/media\/1173"}],"wp:attachment":[{"href":"https:\/\/bookshop.codesria.org\/index.php\/wp-json\/wp\/v2\/media?parent=1172"}],"wp:term":[{"taxonomy":"product_cat","embeddable":true,"href":"https:\/\/bookshop.codesria.org\/index.php\/wp-json\/wp\/v2\/product_cat?post=1172"},{"taxonomy":"product_tag","embeddable":true,"href":"https:\/\/bookshop.codesria.org\/index.php\/wp-json\/wp\/v2\/product_tag?post=1172"}],"curies":[{"name":"wp","href":"https:\/\/api.w.org\/{rel}","templated":true}]}}