{"id":1182,"date":"2021-08-22T13:01:27","date_gmt":"2021-08-22T13:01:27","guid":{"rendered":"https:\/\/bookshop.codesria.org\/?post_type=product&#038;p=1182"},"modified":"2022-05-25T16:31:26","modified_gmt":"2022-05-25T16:31:26","slug":"environnement-changement-climatique-et-securite-alimentaire-en-afrique-de-louest-et-du-centre-comprehension-des-enjeux-et-pistes-pour-lavenir","status":"publish","type":"product","link":"https:\/\/bookshop.codesria.org\/index.php\/product\/environnement-changement-climatique-et-securite-alimentaire-en-afrique-de-louest-et-du-centre-comprehension-des-enjeux-et-pistes-pour-lavenir\/","title":{"rendered":"Environnement, changement climatique et s\u00e9curit\u00e9 alimentaire en Afrique de l\u2019Ouest et du Centre : Compr\u00e9hension des enjeux et pistes pour l\u2019avenir (Printed)"},"content":{"rendered":"<p>Le continent africain est marqu\u00e9 par une \u00e9troite d\u00e9pendance de ses \u00e9conomies vis \u00e0 vis des \u00e9volutions climatiques, mais pas seulement, puisque s\u2019y ajoutent d\u2019autres faiblesses, celles des institutions peu performantes, notamment dans les secteurs agro-climatique, foncier et minier. Les pays africains se trouvent ainsi hautement vuln\u00e9rables au r\u00e9chauffement dont ils sont les moins responsables et sont parties prenantes dans toutes les conventions internationales en mati\u00e8re d\u2019environnement et de changement climatique sans toutefois b\u00e9n\u00e9ficier, comme attendu, des transferts de technologies adapt\u00e9es et de financements cons\u00e9quents. Pour l\u2019instant, les r\u00e9ponses nationales pour une meilleure gestion des ressources naturelles, l\u2019adaptation et l\u2019att\u00e9nuation ont des r\u00e9sultats mitig\u00e9s. N\u00e9anmoins, de plus en plus d\u2019initiatives des acteurs \u00e9tatiques, inter\u00e9tatiques et non \u00e9tatiques font que la prise de conscience s\u2019accro\u00eet chez les Africains.<\/p>\n<p>&nbsp;<\/p>\n<p>&nbsp;<\/p>\n<p>ISBN: 978 286978 606 6<\/p>\n<p>CODESRIA 2015<\/p>\n","protected":false},"excerpt":{"rendered":"<p><strong>Environnement, changement climatique et s\u00e9curit\u00e9 alimentaire en Afrique de l\u2019Ouest et du Centre : Compr\u00e9hension des enjeux et pistes pour l\u2019avenir (Printed)<\/strong><\/p>\n<p>&nbsp;<\/p>\n<p style=\"text-align: justify\">Ce volume contient des contributions portant sur les questions environnementales et climatiques trait\u00e9es \u00e0 l\u2019aune de crit\u00e8res sociologiques, \u00e9conomiques, politiques, juridiques et \u00e9thiques. Chacun des intellectuels, \u00e0 sa mani\u00e8re, a montr\u00e9 que pour inqui\u00e9tants qu\u2019ils soient, les enjeux environnementaux et climatiques op\u00e8rent comme une opportunit\u00e9 encore faiblement exploit\u00e9e par les acteurs de la pens\u00e9e afro optimiste. Nul doute que le lecteur se rendra compte que ce livre t\u00e9moigne de la fa\u00e7on dont des intellectuels africains du XXIe si\u00e8cle portent le souci de l\u2019environnement et du changement climatique et comment ils explorent des pistes de r\u00e9flexion critique pour un sursaut adapt\u00e9 et des r\u00e9ponses durables pour une Afrique moins \u00e9mettrice de d\u00e9sespoir et plus r\u00e9siliente.<\/p>\n<p style=\"text-align: justify\">Ce livre est une compilation d\u2019articles issus de la XIIIe Assembl\u00e9e g\u00e9n\u00e9rale du CODESRIA, 2011<\/p>\n<p style=\"text-align: justify\"><strong>Ahmadou Makhtar Kant\u00e9<\/strong> est dipl\u00f4m\u00e9 de l\u2019Institut des Sciences de l\u2019Environnement (ISE) de l\u2019Universit\u00e9 Cheikh Anta Diop de Dakar o\u00f9 il a obtenu un DEA en 1997. Il est aussi titulaire d\u2019un Master en \u00e9conomie solidaire de l\u2019Universit\u00e9 Haute Alsace de Mulhouse (UHA) en 2008. Durant son stage professionnel, il a travaill\u00e9 \u00e0 la FAO \u00e0 Rome sur les enjeux de la s\u00e9curit\u00e9 alimentaire et du changement climatique. Il est membre du Comit\u00e9 de pr\u00e9paration de la troisi\u00e8me communication du S\u00e9n\u00e9gal sur le changement climatique. En 2007 il a re\u00e7u le prix \u00ab Guy Mhone \u00bb du CODESRIA \u00e0 travers un essai sur les \u00ab Promesses non tenues de la d\u00e9centralisation \u00bb. En 2009, il a publi\u00e9 dans la revue Vertigo \u00e9dit\u00e9e au Canada, \u00e0 comit\u00e9 de lecture, un article sur la gouvernance foresti\u00e8re et la d\u00e9mocratie au S\u00e9n\u00e9gal.<\/p>\n","protected":false},"featured_media":1183,"template":"","meta":[],"product_cat":[54],"product_tag":[80,585,402,833,830,315,829,831,735,828,587,586,767,832,401],"class_list":{"0":"post-1182","1":"product","2":"type-product","3":"status-publish","4":"has-post-thumbnail","6":"product_cat-codesria-books","7":"product_tag-afrique","8":"product_tag-ahmadou","9":"product_tag-alimentaire","10":"product_tag-avenir","11":"product_tag-centre","12":"product_tag-changement","13":"product_tag-climatique","14":"product_tag-comprehension","15":"product_tag-enjeux","16":"product_tag-environnement","17":"product_tag-kante","18":"product_tag-makhtar","19":"product_tag-ouest","20":"product_tag-piste","21":"product_tag-securite","23":"first","24":"instock","25":"shipping-taxable","26":"purchasable","27":"product-type-simple"},"_links":{"self":[{"href":"https:\/\/bookshop.codesria.org\/index.php\/wp-json\/wp\/v2\/product\/1182","targetHints":{"allow":["GET"]}}],"collection":[{"href":"https:\/\/bookshop.codesria.org\/index.php\/wp-json\/wp\/v2\/product"}],"about":[{"href":"https:\/\/bookshop.codesria.org\/index.php\/wp-json\/wp\/v2\/types\/product"}],"wp:featuredmedia":[{"embeddable":true,"href":"https:\/\/bookshop.codesria.org\/index.php\/wp-json\/wp\/v2\/media\/1183"}],"wp:attachment":[{"href":"https:\/\/bookshop.codesria.org\/index.php\/wp-json\/wp\/v2\/media?parent=1182"}],"wp:term":[{"taxonomy":"product_cat","embeddable":true,"href":"https:\/\/bookshop.codesria.org\/index.php\/wp-json\/wp\/v2\/product_cat?post=1182"},{"taxonomy":"product_tag","embeddable":true,"href":"https:\/\/bookshop.codesria.org\/index.php\/wp-json\/wp\/v2\/product_tag?post=1182"}],"curies":[{"name":"wp","href":"https:\/\/api.w.org\/{rel}","templated":true}]}}

Environnement, changement climatique et sécurité alimentaire en Afrique de l’Ouest et du Centre : Compréhension des enjeux et pistes pour l’avenir (Printed)

<p>Le continent africain est marqué par une étroite dépendance de ses économies vis à vis des évolutions climatiques, mais pas seulement, puisque s’y ajoutent d’autres faiblesses, celles des institutions peu performantes, notamment dans les secteurs agro-climatique, foncier et minier. Les pays africains se trouvent ainsi hautement vulnérables au réchauffement dont ils sont les moins responsables et sont parties prenantes dans toutes les conventions internationales en matière d’environnement et de changement climatique sans toutefois bénéficier, comme attendu, des transferts de technologies adaptées et de financements conséquents. Pour l’instant, les réponses nationales pour une meilleure gestion des ressources naturelles, l’adaptation et l’atténuation ont des résultats mitigés. Néanmoins, de plus en plus d’initiatives des acteurs étatiques, interétatiques et non étatiques font que la prise de conscience s’accroît chez les Africains.</p>
<p>&nbsp;</p>
<p>&nbsp;</p>
<p>ISBN: 978 286978 606 6</p>
<p>CODESRIA 2015</p>

<p><strong>Environnement, changement climatique et sécurité alimentaire en Afrique de l’Ouest et du Centre : Compréhension des enjeux et pistes pour l’avenir (Printed)</strong></p>
<p>&nbsp;</p>
<p style="text-align: justify">Ce volume contient des contributions portant sur les questions environnementales et climatiques traitées à l’aune de critères sociologiques, économiques, politiques, juridiques et éthiques. Chacun des intellectuels, à sa manière, a montré que pour inquiétants qu’ils soient, les enjeux environnementaux et climatiques opèrent comme une opportunité encore faiblement exploitée par les acteurs de la pensée afro optimiste. Nul doute que le lecteur se rendra compte que ce livre témoigne de la façon dont des intellectuels africains du XXIe siècle portent le souci de l’environnement et du changement climatique et comment ils explorent des pistes de réflexion critique pour un sursaut adapté et des réponses durables pour une Afrique moins émettrice de désespoir et plus résiliente.</p>
<p style="text-align: justify">Ce livre est une compilation d’articles issus de la XIIIe Assemblée générale du CODESRIA, 2011</p>
<p style="text-align: justify"><strong>Ahmadou Makhtar Kanté</strong> est diplômé de l’Institut des Sciences de l’Environnement (ISE) de l’Université Cheikh Anta Diop de Dakar où il a obtenu un DEA en 1997. Il est aussi titulaire d’un Master en économie solidaire de l’Université Haute Alsace de Mulhouse (UHA) en 2008. Durant son stage professionnel, il a travaillé à la FAO à Rome sur les enjeux de la sécurité alimentaire et du changement climatique. Il est membre du Comité de préparation de la troisième communication du Sénégal sur le changement climatique. En 2007 il a reçu le prix « Guy Mhone » du CODESRIA à travers un essai sur les « Promesses non tenues de la décentralisation ». En 2009, il a publié dans la revue Vertigo éditée au Canada, à comité de lecture, un article sur la gouvernance forestière et la démocratie au Sénégal.</p>
