{"id":1624,"date":"2021-10-09T11:21:17","date_gmt":"2021-10-09T11:21:17","guid":{"rendered":"https:\/\/bookshop.codesria.org\/?post_type=product&#038;p=1624"},"modified":"2022-05-11T16:40:09","modified_gmt":"2022-05-11T16:40:09","slug":"le-modele-asiatique-en-questions","status":"publish","type":"product","link":"https:\/\/bookshop.codesria.org\/index.php\/product\/le-modele-asiatique-en-questions\/","title":{"rendered":"Le &#8220;mod\u00e8le asiatique&#8221; en questions (Printed)"},"content":{"rendered":"<p>Parall\u00e8lement aux r\u00e9sultats insuffisants des Plans d&#8217;ajustement structurel (PAS) et aux critiques th\u00e9oriques adress\u00e9es au mod\u00e8le de base de ces exp\u00e9riences de stabilisation, le consensus de Washington a \u00e9t\u00e9 surtout remis en question par les exp\u00e9riences de d\u00e9veloppement en Asie du Sud- Est. En effet, au moment o\u00f9. la plupart des pays du Tiers-Monde connaissent une forte d\u00e9pression des dynamiques de croissance et une forte marginalisation dans l&#8217;\u00e9conomie mondiale dans les ann\u00e9es 80 et jusqu&#8217;au milieu des ann\u00e9es 90 en d\u00e9pit de l&#8217;application de plusieurs PAS, les \u00e9conomies asiatiques r\u00e9alisaient des taux de croissance record et r\u00e9ussissaient \u00e0 am\u00e9liorer leur insertion internationale en devenant des exportateurs actifs de produits intensifs en nouvelles technologies. Or, les exp\u00e9riences asiatiques \u00e9taient d&#8217;autant plus importantes que leurs strat\u00e9gies semblent remettre en cause les recommandations du consensus de Washington et les prescriptions des PAS. En effet, au moment o\u00f9 les PAS recommandaient un d\u00e9sengagement de l&#8217;Etat, les pays asiatiques ont b\u00e2ti leurs succ\u00e8s sur une forte intervention r\u00e9gulatrice de celui-ci. Par ailleurs, lorsque les PAS pr\u00e9conisaient une sp\u00e9cialisation internationale selon le principe des avantages comparatifs et exporter par cons\u00e9quent des produits intensifs en travail, les \u00e9conomies asiatiques construisaient leur comp\u00e9titivit\u00e9 sur la base d&#8217;une insertion dynamique dans les nouvelles technologies. Enfin, au moment o\u00f9 les institutions de Bretton Woods conseillaient aux \u00e9conomies sous-d\u00e9velopp\u00e9es de r\u00e9orienter leurs dynamiques de croissance vers les march\u00e9s externes, les \u00e9conomies asiatiques avaient maintenu des rapports dynamiques et \u00e9troits entre les activit\u00e9s li\u00e9es au march\u00e9 interne et les activit\u00e9s exportatrices. Ainsi, toutes ces caract\u00e9ristiques faisaient des exp\u00e9riences asiatiques une v\u00e9ritable antinomie des pratiques et des strat\u00e9gies de d\u00e9veloppement sugg\u00e9r\u00e9es par les tenants du consensus de Washington.<\/p>\n<p><strong>\u00a0<\/strong><\/p>\n<p><strong>Hammouda Hakim Ben<\/strong><\/p>\n<p>&nbsp;<\/p>\n<p>ISBN\u00a0: 0850-6736<\/p>\n<p>CODESRIA 2000<\/p>\n","protected":false},"excerpt":{"rendered":"<p>Parall\u00e8lement aux r\u00e9sultats insuffisants des Plans d&#8217;ajustement structurel (PAS) et aux critiques th\u00e9oriques adress\u00e9es au mod\u00e8le de base de ces exp\u00e9riences de stabilisation, le consensus de Washington a \u00e9t\u00e9 surtout<\/p>\n","protected":false},"featured_media":1610,"template":"","meta":[],"product_cat":[54],"product_tag":[390],"class_list":{"0":"post-1624","1":"product","2":"type-product","3":"status-publish","4":"has-post-thumbnail","6":"product_cat-codesria-books","7":"product_tag-modele-asiatique","9":"first","10":"instock","11":"shipping-taxable","12":"purchasable","13":"product-type-simple"},"_links":{"self":[{"href":"https:\/\/bookshop.codesria.org\/index.php\/wp-json\/wp\/v2\/product\/1624","targetHints":{"allow":["GET"]}}],"collection":[{"href":"https:\/\/bookshop.codesria.org\/index.php\/wp-json\/wp\/v2\/product"}],"about":[{"href":"https:\/\/bookshop.codesria.org\/index.php\/wp-json\/wp\/v2\/types\/product"}],"wp:featuredmedia":[{"embeddable":true,"href":"https:\/\/bookshop.codesria.org\/index.php\/wp-json\/wp\/v2\/media\/1610"}],"wp:attachment":[{"href":"https:\/\/bookshop.codesria.org\/index.php\/wp-json\/wp\/v2\/media?parent=1624"}],"wp:term":[{"taxonomy":"product_cat","embeddable":true,"href":"https:\/\/bookshop.codesria.org\/index.php\/wp-json\/wp\/v2\/product_cat?post=1624"},{"taxonomy":"product_tag","embeddable":true,"href":"https:\/\/bookshop.codesria.org\/index.php\/wp-json\/wp\/v2\/product_tag?post=1624"}],"curies":[{"name":"wp","href":"https:\/\/api.w.org\/{rel}","templated":true}]}}