{"id":1642,"date":"2021-10-09T13:32:01","date_gmt":"2021-10-09T13:32:01","guid":{"rendered":"https:\/\/bookshop.codesria.org\/?post_type=product&#038;p=1642"},"modified":"2024-10-07T15:11:52","modified_gmt":"2024-10-07T15:11:52","slug":"le-financement-de-leducation-au-senegal","status":"publish","type":"product","link":"https:\/\/bookshop.codesria.org\/index.php\/product\/le-financement-de-leducation-au-senegal\/","title":{"rendered":"Le financement de l&#8217;\u00e9ducation au S\u00e9n\u00e9gal (Printed)"},"content":{"rendered":"<p>Pr\u00e8s de vingt ans d&#8217;ajustement structurel au S\u00e9n\u00e9gal ont permis de stabiliser les finances publiques et le compte courant ext\u00e9rieur en comprimant fortement les d\u00e9penses. La croissance \u00e9conomique continue, cependant, de souffrir d&#8217;un cro\u00eet d\u00e9mographique \u00e9lev\u00e9, d &#8216;une pluviom\u00e9trie instable, et d&#8217;un faible niveau de l&#8217;\u00e9pargne et de l&#8217;investissement, malgr\u00e9 les taux de croissance positifs du PIB enregistr\u00e9s depuis la d\u00e9valuation du franc CFA en janvier 1994. M\u00eame si la part de l&#8217;\u00e9ducation dans le Budget de l&#8217;\u00c9tat s&#8217;est maintenue \u00e0 un niveau \u00e9lev\u00e9, les coupes claires, souvent arbitraires, effectu\u00e9es dans les d\u00e9penses publiques, dans les d\u00e9penses d&#8217;investissement et de fonctionnement autres que salariales en particulier, ont r\u00e9duit le volume des ressources allou\u00e9es au secteur. Mais les politiques budg\u00e9taires et mon\u00e9taires restrictives qu&#8217;a connues le S\u00e9n\u00e9gal n&#8217;ont pas eu des cons\u00e9quences n\u00e9gatives que sur le financement public du syst\u00e8me \u00e9ducatif. Elles ont \u00e9galement affect\u00e9 les revenus et le pouvoir d&#8217;achat des m\u00e9nages, obligeant ces derniers \u00e0 modifier les ordres de priorit\u00e9 dans la r\u00e9partition de leur Budget. Le poste des d\u00e9penses d&#8217;\u00e9ducation a \u00e9t\u00e9 d&#8217;autant plus touch\u00e9 par cette restructuration que les co\u00fbts des intrants (manuels, fournitures, transport) et les droits de scolarit\u00e9 sont devenus prohibitifs pour un nombre croissant de m\u00e9nages.<\/p>\n<p>&nbsp;<\/p>\n<p>&nbsp;<\/p>\n<p>&nbsp;<\/p>\n<p>ISBN\u00a0: 2-86978-096-6<\/p>\n<p>CODESRIA 2001<\/p>\n","protected":false},"excerpt":{"rendered":"<p>Pr\u00e8s de vingt ans d&#8217;ajustement structurel au S\u00e9n\u00e9gal ont permis de stabiliser les finances publiques et le compte courant ext\u00e9rieur en comprimant fortement les d\u00e9penses. La croissance \u00e9conomique continue, cependant,<\/p>\n","protected":false},"featured_media":3627,"template":"","meta":[],"product_cat":[16],"product_tag":[],"class_list":{"0":"post-1642","1":"product","2":"type-product","3":"status-publish","4":"has-post-thumbnail","6":"product_cat-uncategorised","8":"first","9":"instock","10":"shipping-taxable","11":"product-type-simple"},"_links":{"self":[{"href":"https:\/\/bookshop.codesria.org\/index.php\/wp-json\/wp\/v2\/product\/1642","targetHints":{"allow":["GET"]}}],"collection":[{"href":"https:\/\/bookshop.codesria.org\/index.php\/wp-json\/wp\/v2\/product"}],"about":[{"href":"https:\/\/bookshop.codesria.org\/index.php\/wp-json\/wp\/v2\/types\/product"}],"wp:featuredmedia":[{"embeddable":true,"href":"https:\/\/bookshop.codesria.org\/index.php\/wp-json\/wp\/v2\/media\/3627"}],"wp:attachment":[{"href":"https:\/\/bookshop.codesria.org\/index.php\/wp-json\/wp\/v2\/media?parent=1642"}],"wp:term":[{"taxonomy":"product_cat","embeddable":true,"href":"https:\/\/bookshop.codesria.org\/index.php\/wp-json\/wp\/v2\/product_cat?post=1642"},{"taxonomy":"product_tag","embeddable":true,"href":"https:\/\/bookshop.codesria.org\/index.php\/wp-json\/wp\/v2\/product_tag?post=1642"}],"curies":[{"name":"wp","href":"https:\/\/api.w.org\/{rel}","templated":true}]}}