{"id":1665,"date":"2021-10-26T11:18:01","date_gmt":"2021-10-26T11:18:01","guid":{"rendered":"https:\/\/bookshop.codesria.org\/?post_type=product&#038;p=1665"},"modified":"2024-09-27T11:28:45","modified_gmt":"2024-09-27T11:28:45","slug":"le-financement-de-leducation-problematique-du-partage-des-couts-et-reformes-budgetaires-le-cas-de-lenseignement-primaire-et-secondaire-au-niger","status":"publish","type":"product","link":"https:\/\/bookshop.codesria.org\/index.php\/product\/le-financement-de-leducation-problematique-du-partage-des-couts-et-reformes-budgetaires-le-cas-de-lenseignement-primaire-et-secondaire-au-niger\/","title":{"rendered":"Le financement de l&#8217;\u00e9ducation, probl\u00e9matique du partage des co\u00fbts et r\u00e9formes budg\u00e9taires: Le cas de l&#8217;enseignement primaire et secondaire au Niger (Printed)"},"content":{"rendered":"<p>Cet ouvrage rapporte les r\u00e9sultats de l&#8217;\u00e9tude men\u00e9e par l&#8217;\u00e9quipe du Niger. Il s&#8217;agit d&#8217;une \u00e9tude &#8211; diagnostic d\u00e9crivant et analysant les diverses strat\u00e9gies de financement, l&#8217;allocation des ressources financi\u00e8res par niveau et par nature, les co\u00fbts globaux et unitaires, et les pratiques budg\u00e9taires en vigueur. Des recommandations sont formul\u00e9es en vue de l&#8217;am\u00e9lioration de la gestion financi\u00e8re et budg\u00e9taire des syst\u00e8mes \u00e9ducatifs africains.<\/p>\n<p><strong>\u00a0<\/strong><\/p>\n<p><strong>\u00a0<\/strong><\/p>\n<p><strong>\u00a0<\/strong><\/p>\n<p><strong>\u00a0<\/strong><\/p>\n<p><strong>\u00a0<\/strong><\/p>\n<p>ISBN\u00a0: 2-86978-097-4<\/p>\n<p>CODESRIA 2001<\/p>\n","protected":false},"excerpt":{"rendered":"<p>Cet ouvrage rapporte les r\u00e9sultats de l&#8217;\u00e9tude men\u00e9e par l&#8217;\u00e9quipe du Niger. Il s&#8217;agit d&#8217;une \u00e9tude &#8211; diagnostic d\u00e9crivant et analysant les diverses strat\u00e9gies de financement, l&#8217;allocation des ressources financi\u00e8res<\/p>\n","protected":false},"featured_media":3518,"template":"","meta":[],"product_cat":[54],"product_tag":[398,397,117],"class_list":{"0":"post-1665","1":"product","2":"type-product","3":"status-publish","4":"has-post-thumbnail","6":"product_cat-codesria-books","7":"product_tag-education","8":"product_tag-financement","9":"product_tag-niger","11":"first","12":"instock","13":"shipping-taxable","14":"purchasable","15":"product-type-simple"},"_links":{"self":[{"href":"https:\/\/bookshop.codesria.org\/index.php\/wp-json\/wp\/v2\/product\/1665","targetHints":{"allow":["GET"]}}],"collection":[{"href":"https:\/\/bookshop.codesria.org\/index.php\/wp-json\/wp\/v2\/product"}],"about":[{"href":"https:\/\/bookshop.codesria.org\/index.php\/wp-json\/wp\/v2\/types\/product"}],"wp:featuredmedia":[{"embeddable":true,"href":"https:\/\/bookshop.codesria.org\/index.php\/wp-json\/wp\/v2\/media\/3518"}],"wp:attachment":[{"href":"https:\/\/bookshop.codesria.org\/index.php\/wp-json\/wp\/v2\/media?parent=1665"}],"wp:term":[{"taxonomy":"product_cat","embeddable":true,"href":"https:\/\/bookshop.codesria.org\/index.php\/wp-json\/wp\/v2\/product_cat?post=1665"},{"taxonomy":"product_tag","embeddable":true,"href":"https:\/\/bookshop.codesria.org\/index.php\/wp-json\/wp\/v2\/product_tag?post=1665"}],"curies":[{"name":"wp","href":"https:\/\/api.w.org\/{rel}","templated":true}]}}